8
What is the remainder when 513 is divided by 165?
18
Calculate the remainder when 183 is divided by 48.
39
What is the remainder when 2369 is divided by 1183?
3
What is the remainder when 26 is divided by 22?
4
What is the remainder when 79 is divided by 9?
7
Calculate the remainder when 78 is divided by 12.
6
What is the remainder when 4374 is divided by 25?
24
What is the remainder when 536 is divided by 15?
11
What is the remainder when 4838 is divided by 22?
20
Calculate the remainder when 409 is divided by 198.
13
Calculate the remainder when 5653 is divided by 20.
13
What is the remainder when 71 is divided by 33?
5
Calculate the remainder when 219 is divided by 146.
73
Calculate the remainder when 623 is divided by 212.
199
What is the remainder when 274 is divided by 74?
52
What is the remainder when 734 is divided by 724?
10
Calculate the remainder when 736 is divided by 184.
0
Calculate the remainder when 133 is divided by 10.
3
Calculate the remainder when 3694 is divided by 132.
130
What is the remainder when 2787 is divided by 26?
5
Calculate the remainder when 427 is divided by 3.
1
Calculate the remainder when 1239 is divided by 618.
3
Calculate the remainder when 752 is divided by 151.
148
Calculate the remainder when 3118 is divided by 87.
73
Calculate the remainder when 73 is divided by 39.
34
What is the remainder when 7022 is divided by 44?
26
Calculate the remainder when 103 is divided by 7.
5
What is the remainder when 564 is divided by 16?
4
What is the remainder when 57 is divided by 17?
6
Calculate the remainder when 6252 is divided by 10.
2
What is the remainder when 174 is divided by 21?
6
Calculate the remainder when 870 is divided by 9.
6
Calculate the remainder when 513 is divided by 37.
32
Calculate the remainder when 87 is divided by 78.
9
Calculate the remainder when 1112 is divided by 53.
52
What is the remainder when 6641 is divided by 44?
41
What is the remainder when 86 is divided by 19?
10
What is the remainder when 530 is divided by 181?
168
What is the remainder when 774 is divided by 20?
14
Calculate the remainder when 105 is divided by 26.
1
What is the remainder when 3713 is divided by 27?
14
What is the remainder when 566 is divided by 180?
26
What is the remainder when 895 is divided by 64?
63
What is the remainder when 402 is divided by 128?
18
What is the remainder when 270 is divided by 19?
4
Calculate the remainder when 776 is divided by 41.
38
What is the remainder when 944 is divided by 933?
11
Calculate the remainder when 1212 is divided by 174.
168
What is the remainder when 222 is divided by 92?
38
Calculate the remainder when 391 is divided by 99.
94
What is the remainder when 2802 is divided by 12?
6
Calculate the remainder when 2091 is divided by 188.
23
Calculate the remainder when 87 is divided by 22.
21
Calculate the remainder when 418 is divided by 15.
13
What is the remainder when 52 is divided by 28?
24
Calculate the remainder when 957 is divided by 74.
69
Calculate the remainder when 119 is divided by 12.
11
What is the remainder when 5499 is divided by 22?
21
What is the remainder when 33 is divided by 10?
3
What is the remainder when 142 is divided by 61?
20
Calculate the remainder when 299 is divided by 19.
14
Calculate the remainder when 183 is divided by 135.
48
Calculate the remainder when 246 is divided by 5.
1
What is the remainder when 1369 is divided by 680?
9
What is the remainder when 35 is divided by 17?
1
Calculate the remainder when 52 is divided by 39.
13
What is the remainder when 40 is divided by 23?
17
Calculate the remainder when 172 is divided by 22.
18
What is the remainder when 866 is divided by 165?
41
What is the remainder when 245 is divided by 227?
18
What is the remainder when 1854 is divided by 64?
62
What is the remainder when 405 is divided by 129?
18
What is the remainder when 600 is divided by 76?
68
What is the remainder when 97 is divided by 11?
9
Calculate the remainder when 1987 is divided by 70.
27
What is the remainder when 451 is divided by 154?
143
What is the remainder when 748 is divided by 219?
91
Calculate the remainder when 408 is divided by 41.
39
What is the remainder when 55 is divided by 29?
26
Calculate the remainder when 340 is divided by 105.
25
What is the remainder when 179 is divided by 27?
17
Calculate the remainder when 55401 is divided by 18.
15
Calculate the remainder when 346 is divided by 58.
56
Calculate the remainder when 340 is divided by 113.
1
What is the remainder when 189 is divided by 40?
29
Calculate the remainder when 106 is divided by 59.
47
Calculate the remainder when 1206 is divided by 569.
68
What is the remainder when 607 is divided by 61?
58
What is the remainder when 402 is divided by 45?
42
Calculate the remainder when 184 is divided by 83.
18
Calculate the remainder when 165 is divided by 80.
5
Calculate the remainder when 69 is divided by 32.
5
Calculate the remainder when 494 is divided by 23.
11
What is the remainder when 1623 is divided by 65?
63
Calculate the remainder when 148 is divided by 60.
28
What is the remainder when 6549 is divided by 18?
15
Calculate the remainder when 317 is divided by 105.
2
Calculate the remainder when 140 is divided by 18.
14
What is the remainder when 213 is divided by 48?
21
Calculate the remainder when 136 is divided by 25.
11
Calculate the remainder when 150 is divided by 13.
7
Calculate the remainder when 209 is divided by 56.
41
What is the remainder when 295 is divided by 27?
25
What is the remainder when 248 is divided by 36?
32
Calculate the remainder when 19445 is divided by 17.
14
Calculate the remainder when 21903 is divided by 4.
3
What is the remainder when 56 is divided by 19?
18
Calculate the remainder when 2274 is divided by 65.
64
What is the remainder when 1832 is divided by 34?
30
What is the remainder when 656 is divided by 33?
29
Calculate the remainder when 35 is divided by 19.
16
Calculate the remainder when 395 is divided by 80.
75
Calculate the remainder when 1870 is divided by 32.
14
Calculate the remainder when 37 is divided by 10.
7
Calculate the remainder when 281 is divided by 148.
133
What is the remainder when 1988 is divided by 60?
8
What is the remainder when 1384 is divided by 347?
343
What is the remainder when 4766 is divided by 54?
14
Calculate the remainder when 142 is divided by 104.
38
What is the remainder when 74 is divided by 6?
2
What is the remainder when 548 is divided by 24?
20
What is the remainder when 97 is divided by 19?
2
What is the remainder when 122 is divided by 25?
22
What is the remainder when 610 is divided by 77?
71
Calculate the remainder when 163 is divided by 161.
2
What is the remainder when 732 is divided by 61?
0
What is the remainder when 246 is divided by 15?
6
Calculate the remainder when 633 is divided by 200.
33
Calculate the remainder when 283 is divided by 253.
30
What is the remainder when 37 is divided by 13?
11
What is the remainder when 193 is divided by 30?
13
Calculate the remainder when 15 is divided by 9.
6
What is the remainder when 54 is divided by 46?
8
Calculate the remainder when 766 is divided by 240.
46
What is the remainder when 724 is divided by 43?
36
What is the remainder when 2471 is divided by 24?
23
What is the remainder when 50 is divided by 39?
11
What is the remainder when 2269 is divided by 2267?
2
Calculate the remainder when 2286 is divided by 16.
14
What is the remainder when 15393 is divided by 56?
49
Calculate the remainder when 1843 is divided by 108.
7
What is the remainder when 759 is divided by 185?
19
Calculate the remainder when 147 is divided by 78.
69
Calculate the remainder when 1751 is divided by 28.
15
What is the remainder when 912 is divided by 21?
9
What is the remainder when 29 is divided by 9?
2
What is the remainder when 44 is divided by 24?
20
What is the remainder when 138 is divided by 57?
24
What is the remainder when 212 is divided by 44?
36
What is the remainder when 4825 is divided by 86?
9
Calculate the remainder when 361 is divided by 60.
1
What is the remainder when 554 is divided by 5?
4
What is the remainder when 144 is divided by 25?
19
What is the remainder when 198 is divided by 29?
24
Calculate the remainder when 13926 is